ltiple of 97?
True
Is 14 a factor of 119244?
False
Is 106544 a multiple of 8?
True
Is 29465 a multiple of 5?
True
Is 138 a factor of 9660?
True
Is 211659 a multiple of 30?
False
Does 7 divide 144312?
True
Is 2379624 a multiple of 31?
False
Is 21376 a multiple of 64?
True
Is 5 a factor of 14158?
False
Is 306 a factor of 113825?
False
Does 282 divide 2272920?
True
Is 279352 a multiple of 5?
False
Is 3948436 a multiple of 1049?
True
Is 60 a factor of 242514?
False
Does 6 divide 1078168?
False
Is 38 a factor of 4124?
False
Is 5 a factor of 13733514?
False
Is 62 a factor of 460040?
True
Is 45 a factor of 154350?
True
Is 33064 a multiple of 520?
False
Is 13143595 a multiple of 215?
True
Does 34 divide 436073?
False
Does 76 divide 1580011?
False
Is 66556 a multiple of 10?
False
Does 133 divide 189259?
True
Does 40 divide 17489480?
True
Does 159 divide 2390088?
True
Is 165684 a multiple of 2?
True
Does 14 divide 1070020?
True
Does 30 divide 12240?
True
Is 11 a factor of 141185?
True
Does 55 divide 631565?
True
Is 319 a factor of 8041846?
False
Does 6 divide 276048?
True
Is 685134 a multiple of 9?
True
Does 12 divide 2336434?
False
Does 253 divide 152306?
True
Is 108295 a multiple of 147?
False
Is 21 a factor of 112833?
True
Is 9967772 a multiple of 1299?
False
Is 11 a factor of 61419?
False
Is 9 a factor of 1289088?
True
Is 1615637 a multiple of 883?
False
Is 76562 a multiple of 156?
False
Does 60 divide 607920?
True
Is 1332061 a multiple of 123?
False
Is 10889 a multiple of 15?
False
Is 124 a factor of 5254252?
True
Is 252567 a multiple of 7?
True
Is 32 a factor of 23072?
True
Is 2836485 a multiple of 95?
False
Is 21255 a multiple of 109?
True
Does 14 divide 28014?
True
Is 3099213 a multiple of 299?
False
Is 154239 a multiple of 542?
False
Is 276653 a multiple of 9?
False
Is 1930948 a multiple of 11?
False
Is 1090752 a multiple of 19?
True
Is 20 a factor of 128200?
True
Is 213248 a multiple of 32?
True
Does 373 divide 2573492?
False
Is 10457024 a multiple of 872?
True
Is 55 a factor of 1331385?
True
Is 101 a factor of 313807?
True
Does 13 divide 311779?
True
Does 66 divide 111672?
True
Is 46056 a multiple of 4?
True
Is 489026 a multiple of 113?
False
Is 6182100 a multiple of 90?
True
Does 153 divide 108433?
False
Does 1326 divide 8294011?
False
Does 41 divide 37803?
False
Does 63 divide 3289104?
True
Is 67932 a multiple of 12?
True
Does 43 divide 761383?
False
Does 14 divide 49553?
False
Is 127273 a multiple of 9?
False
Does 6 divide 19307?
False
Does 15 divide 7403475?
True
Does 1148 divide 5992560?
True
Is 9477650 a multiple of 50?
True
Does 14 divide 300972?
True
Is 154192 a multiple of 184?
True
Is 287657 a multiple of 5?
False
Does 232 divide 15232656?
True
Does 8 divide 79856?
True
Does 36 divide 1095292?
False
Is 8577220 a multiple of 166?
True
Does 7 divide 133112?
True
Is 312 a factor of 2534051?
False
Is 229 a factor of 13053687?
True
Is 537632 a multiple of 317?
True
Is 285 a factor of 283208?
False
Is 3954782 a multiple of 80?
False
Does 82 divide 180107?
False
Does 9 divide 651?
False
Does 94 divide 23346389?
False
Is 20 a factor of 220743?
False
Does 1031 divide 4463594?
False
Is 572902 a multiple of 6?
False
Is 11 a factor of 31878?
True
Is 8997264 a multiple of 16?
True
Is 5 a factor of 30260?
True
Is 428824 a multiple of 484?
True
Is 33160 a multiple of 20?
True
Does 667 divide 2537633?
False
Is 4 a factor of 1701234?
False
Does 48 divide 7728?
True
Is 21024 a multiple of 146?
True
Is 10321512 a multiple of 471?
False
Is 12 a factor of 5256032?
False
Is 5 a factor of 1951316?
False
Does 5 divide 410255?
True
Is 12 a factor of 4498351?
False
Is 1039 a factor of 2631759?
False
Is 30 a factor of 64980?
True
Does 914 divide 5530254?
False
Is 2087435 a multiple of 43?
True
Is 20 a factor of 26640?
True
Is 1492623 a multiple of 53?
False
Is 760903 a multiple of 313?
True
Is 22 a factor of 119637?
False
Is 522 a factor of 1573335?
False
Is 1814664 a multiple of 973?
False
Does 16 divide 170883?
False
Is 1353090 a multiple of 138?
True
Does 880 divide 918720?
True
Does 441 divide 31439331?
True
Is 1097 a factor of 9939917?
True
Is 4 a factor of 119577?
False
Is 63 a factor of 100737?
True
Does 115 divide 160885?
True
Does 27 divide 7691895?
True
Does 63 divide 482265?
True
Does 481 divide 265031?
True
Is 878138 a multiple of 83?
False
Is 120 a factor of 3072?
False
Is 42 a factor of 119536?
False
Is 65458 a multiple of 2?
True
Is 10754545 a multiple of 440?
False
Is 18781578 a multiple of 27?
True
Is 1439518 a multiple of 108?
False
Does 15 divide 12149054?
False
Is 25 a factor of 27223719?
False
Is 1311399 a multiple of 9?
True
Does 28 divide 2725688?
True
Is 214422 a multiple of 2?
True
Does 157 divide 50369?
False
Does 163 divide 392830?
True
Does 8 divide 43012?
False
Does 29 divide 416672?
True
Is 226 a factor of 5493382?
True
Does 14 divide 1701196?
True
Does 59 divide 195467?
True
Does 118 divide 88152?
False
Is 3 a factor of 10816?
False
Is 1248981 a multiple of 63?
False
Is 13 a factor of 569088?
True
Does 7 divide 177925?
False
Is 434395 a multiple of 591?
False
Is 16 a factor of 665984?
True
Does 3 divide 17989?
False
Does 11 divide 193765?
True
Does 21 divide 880468?
False
Does 12 divide 334524?
True
Does 253 divide 97369?
False
Is 20 a factor of 1071815?
False
Is 1481980 a multiple of 31?
False
Is 14 a factor of 1625755?
False
Is 30330552 a multiple of 56?
True
Is 6747549 a multiple of 231?
False
Does 1447 divide 477083?
False
Is 104467 a multiple of 11?
True
Does 152 divide 319808?
True
Does 19 divide 11978455?
True
Is 18 a factor of 1538892?
True
Does 19 divide 1228621?
False
Does 45 divide 1768114?
False
Is 685665 a multiple of 110?
False
Is 1408073 a multiple of 47?
True
Is 923 a multiple of 16?
False
Does 3 divide 28124?
False
Is 2483630 a multiple of 482?
False
Does 377 divide 43130?
False
Does 52 divide 38428?
True
Does 9 divide 708881?
False
Is 296007 a multiple of 3?
True
Is 439937 a multiple of 314?
False
Is 8575 a multiple of 77?
False
Does 165 divide 598785?
True
Does 77 divide 52531?
False
Is 5959044 a multiple of 9?
True
Is 67203 a multiple of 335?
False
Is 350320 a multiple of 29?
True
Does 94 divide 69654?
True
Does 59 divide 57112?
True
Is 852 a factor of 3884279?
False
Does 22 divide 43726?
False
Is 19 a factor of 161390?
False
Is 320474 a multiple of 22?
True
Does 152 divide 35568?
True
Is 17 a factor of 42471?
False
Is 27 a factor of 9567754?
False
Is 4 a factor of 197101?
False
Is 42107 a multiple of 41?
True
Does 325 divide 557700?
True
Is 1795448 a multiple of 116?
True
Is 303 a factor of 180259?
False
Is 201 a factor of 45426?
True
Is 7210275 a multiple of 272?
False
Is 18 a factor of 1926558?
True
Is 15 a factor of 9124500?
True
Does 83 divide 190402?
True
Is 47 a factor of 146272?
False
Is 509 a factor of 1521929?
False
Is 67010 a multiple of 30?
False
Does 134 divide 695499?
False
Is 249030 a multiple of 26?
False
Is 134384 a multiple of 131?
False
Is 7 a factor of 42959?
True
Is 22 a factor of 1361298?
False
Is 370477 a multiple of 49?
False
Is 1138833 a multiple of 14?
False
Is 1409070 a multiple of 605?
False
Is 154112 a multiple of 448?
True
Is 107 a factor of 772446?
False
Does 54 divide 2062057?
False
Is 1499709 a multiple of 110?
False
Is 201902 a multiple of 9?
False
Is 14 a factor of 147756?
True
Is 14 a factor of 1525132?
True
Does 9 divide 3466251?
True
Is 53 a factor of 1734332?
False
Is 27 a factor of 31267378?
False
Is 34 a factor of 1987164?
True
Is 2718870 a multiple of 22?
True
Is 69713 a multiple of 161?
True
Does 7 divide 1228073?
True
Is 639462 a multiple of 426?
False
Is 19 a factor of 4226921?
False
Is 73 a factor of 244850?
False
Is 57547 a multiple of 52?
False
Is 11 a factor of 11775271?
False
Does 45 divide 407031?
False
Is 50160 a multiple of 76?
True
Is 34 a factor of 1007692?
True
Does 36 divide 120420?
True
Is 401319 a multiple of 9?
True
Is 18 a factor of 16169112?
True
Is 625 a factor of 2503215?
False
Is 24 a factor of 190390?
False
Is 1346 a factor of 3587090?
True
Does 22 divide 1158828?
True
Does 132 divide 3063456?
True
Is 30 a factor of 1795029?
False
Is 180 a factor of 768960?
True
Is 1292115 a multiple of 33?
True
Is 20581 a multiple of 35?
False
Does 470 di